{"id":10,"date":"2016-05-04T10:43:58","date_gmt":"2016-05-04T10:43:58","guid":{"rendered":"http:\/\/redepolitecnicosdesporto.com\/forum\/?page_id=10"},"modified":"2016-10-17T08:26:58","modified_gmt":"2016-10-17T08:26:58","slug":"comunicacoes","status":"publish","type":"page","link":"https:\/\/redepolitecnicosdesporto.pt\/forum\/comunicacoes\/","title":{"rendered":"Comunica\u00e7\u00f5es"},"content":{"rendered":"<p><strong>Submiss\u00e3o dos Resumos: <\/strong>at\u00e9 14-10-2016<br \/>\n<strong>Notifica\u00e7\u00e3o de Aceita\u00e7\u00e3o:<\/strong> at\u00e9 21-10-2016<\/p>\n<p><strong>ENCERRADA A SUBMISS\u00c3O DE RESUMOS<\/strong><\/p>\n","protected":false},"excerpt":{"rendered":"<p>Submiss\u00e3o dos Resumos: at\u00e9 14-10-2016 Notifica\u00e7\u00e3o de Aceita\u00e7\u00e3o: at\u00e9 21-10-2016 ENCERRADA A SUBMISS\u00c3O DE RESUMOS<\/p>\n","protected":false},"author":1,"featured_media":0,"parent":0,"menu_order":0,"comment_status":"closed","ping_status":"closed","template":"","meta":{"footnotes":""},"class_list":["post-10","page","type-page","status-publish","hentry"],"_links":{"self":[{"href":"https:\/\/redepolitecnicosdesporto.pt\/forum\/wp-json\/wp\/v2\/pages\/10","targetHints":{"allow":["GET"]}}],"collection":[{"href":"https:\/\/redepolitecnicosdesporto.pt\/forum\/wp-json\/wp\/v2\/pages"}],"about":[{"href":"https:\/\/redepolitecnicosdesporto.pt\/forum\/wp-json\/wp\/v2\/types\/page"}],"author":[{"embeddable":true,"href":"https:\/\/redepolitecnicosdesporto.pt\/forum\/wp-json\/wp\/v2\/users\/1"}],"replies":[{"embeddable":true,"href":"https:\/\/redepolitecnicosdesporto.pt\/forum\/wp-json\/wp\/v2\/comments?post=10"}],"version-history":[{"count":8,"href":"https:\/\/redepolitecnicosdesporto.pt\/forum\/wp-json\/wp\/v2\/pages\/10\/revisions"}],"predecessor-version":[{"id":93,"href":"https:\/\/redepolitecnicosdesporto.pt\/forum\/wp-json\/wp\/v2\/pages\/10\/revisions\/93"}],"wp:attachment":[{"href":"https:\/\/redepolitecnicosdesporto.pt\/forum\/wp-json\/wp\/v2\/media?parent=10"}],"curies":[{"name":"wp","href":"https:\/\/api.w.org\/{rel}","templated":true}]}}