{"id":6,"date":"2016-05-04T10:43:02","date_gmt":"2016-05-04T10:43:02","guid":{"rendered":"http:\/\/redepolitecnicosdesporto.com\/forum\/?page_id=6"},"modified":"2016-10-18T16:14:50","modified_gmt":"2016-10-18T16:14:50","slug":"programa","status":"publish","type":"page","link":"https:\/\/redepolitecnicosdesporto.pt\/forum\/programa\/","title":{"rendered":"Programa"},"content":{"rendered":"<p><strong><u>Dia 03-11-2016<\/u><\/strong><\/p>\n<p><strong>14:00<\/strong> &#8211; Sess\u00e3o de Abertura<\/p>\n<ul>\n<li>Presidente do CCISP; Presidente do Instituto Polit\u00e9cnico de Set\u00fabal; Presidente da C\u00e2mara Municipal de Set\u00fabal; Presidente da REDESPP; Secret\u00e1rio de Estado da Juventude e Desporto; Diretor Geral da Sa\u00fade; Ministro da Ci\u00eancia, Tecnologia e Ensino Superior<\/li>\n<\/ul>\n<p><strong>15:00 &#8211;<\/strong> Desporto &#8211; Desenvolvimento Regional, Turismo e Cidadania<\/p>\n<p>&#8211; Moderador: Abel Figueiredo<\/p>\n<ul>\n<li>Projeto Strong\n<ul>\n<li>Nuno Loureiro<\/li>\n<li>Escola Superior de Educa\u00e7\u00e3o \u2013 Instituto Polit\u00e9cnico de Beja<\/li>\n<\/ul>\n<\/li>\n<li>Programa Desporto e Turismo: inova\u00e7\u00e3o dos servi\u00e7os desportivos nas unidades de alojamento do algarve\n<ul>\n<li>Elsa Pereira, Jo\u00e3o Carvalho, V. Correia, A. Bai\u00e3o, R. Dur\u00e3o<\/li>\n<li>Escola Superior de Educa\u00e7\u00e3o e Comunica\u00e7\u00e3o &#8211; Universidade do Algarve<\/li>\n<\/ul>\n<\/li>\n<li>Camara Municipal de Set\u00fabal<\/li>\n<li>Secretaria de Estado da Juventude e Desporto<\/li>\n<\/ul>\n<p><strong>15:40 \u2013<\/strong> Debate<\/p>\n<p><strong>16:00 &#8211;<\/strong> Desporto \u2013 Educa\u00e7\u00e3o, Forma\u00e7\u00e3o e Rendimento<\/p>\n<p>&#8211; Moderadora: Teresa Figueiredo<\/p>\n<ul>\n<li>Programa Controlo do Treino de Marcha Atl\u00e9tica\n<ul>\n<li>Jo\u00e3o Cruz<\/li>\n<li>Escola Superior de Educa\u00e7\u00e3o e Ci\u00eancias Sociais \u2013 Instituto Polit\u00e9cnico de Leiria<\/li>\n<\/ul>\n<\/li>\n<li>Programa \u201cDo Jogo e Motricidade Infantil ao Alto Rendimento Desportivo\u201d\n<ul>\n<li>Rui Mendes<\/li>\n<li>Escola Superior de Educa\u00e7\u00e3o \u2013 Instituto Polit\u00e9cnico de Coimbra<\/li>\n<\/ul>\n<\/li>\n<li>Observat\u00f3rio da Crian\u00e7a e Jovem de Melga\u00e7o\n<ul>\n<li>Miguel Cam\u00f5es<\/li>\n<li>Escola Superior de Desporto e Lazer de Melga\u00e7o \u2013 Instituto Polit\u00e9cnico de Viana do Castelo<\/li>\n<\/ul>\n<\/li>\n<li>Confedera\u00e7\u00e3o Portuguesa das Associa\u00e7\u00f5es de Treinadores<\/li>\n<li>Instituto Portugu\u00eas do Desporto e Juventude<\/li>\n<\/ul>\n<p><strong>16:50 \u2013<\/strong> Debate<\/p>\n<p><strong>17:10 &#8211;<\/strong> Intervalo (coffee-break)<\/p>\n<p><strong>17:30 &#8211;<\/strong> Desporto &#8211; Sa\u00fade e Bem-Estar<\/p>\n<p>&#8211; Moderador: Pedro Bezerra<\/p>\n<ul>\n<li>ESE em Movimento\n<ul>\n<li>Susana Vale<\/li>\n<li>Escola Superior de Educa\u00e7\u00e3o \u2013 Instituto Polit\u00e9cnico de Porto<\/li>\n<\/ul>\n<\/li>\n<li>Programa Acerta o Passo\n<ul>\n<li>Rui Paulo<\/li>\n<li>Escola Superior de Educa\u00e7\u00e3o \u2013 Instituto Polit\u00e9cnico de Castelo Branco<\/li>\n<\/ul>\n<\/li>\n<li>Programa Mexa-se em Bragan\u00e7a\n<ul>\n<li>Pedro Magalh\u00e3es<\/li>\n<li>Escola Superior de Educa\u00e7\u00e3o \u2013 Instituto Polit\u00e9cnico de Bragan\u00e7a<\/li>\n<\/ul>\n<\/li>\n<li>Programa Diabetes em Movimento\n<ul>\n<li>Jo\u00e3o Mout\u00e3o<\/li>\n<li>Escola Superior de Desporto de Rio Maior \u2013 Instituto Polit\u00e9cnico de Santar\u00e9m<\/li>\n<\/ul>\n<\/li>\n<li>Programa Guarda + 65\n<ul>\n<li>Carolina Vila Ch\u00e3<\/li>\n<li>Escola Superior de Educa\u00e7\u00e3o, Comunica\u00e7\u00e3o e Desporto \u2013 Instituto Polit\u00e9cnico da Guarda<\/li>\n<\/ul>\n<\/li>\n<li>Programa Vela +\n<ul>\n<li>Teresa Figueiredo<\/li>\n<li>Escola Superior de Educa\u00e7\u00e3o \u2013 Instituto Polit\u00e9cnico de Set\u00fabal<\/li>\n<\/ul>\n<\/li>\n<li>Programa Atividade S\u00e9nior em Viseu\n<ul>\n<li>Abel Figueiredo<\/li>\n<li>Escola Superior de Educa\u00e7\u00e3o \u2013 Instituto Polit\u00e9cnico de Viseu<\/li>\n<\/ul>\n<\/li>\n<li>Associa\u00e7\u00e3o de Gin\u00e1sios e Academias de Portugal<\/li>\n<li>Programa Nacional para a Promo\u00e7\u00e3o da Atividade F\u00edsica<\/li>\n<\/ul>\n<p><strong>19:00 \u2013<\/strong> Debate<\/p>\n<p><strong>19:20<\/strong> &#8211; Encerramento (1\u00ba dia)<\/p>\n<ul>\n<li>Ministro da Ci\u00eancia, Tecnologia e Ensino Superior<\/li>\n<\/ul>\n<p><strong><u>\u00a0<\/u><\/strong><\/p>\n<p><strong><u>Dia 04-11- 2016<\/u><\/strong><\/p>\n<p><strong>09:00 &#8211;<\/strong> Confer\u00eancia &#8211; \u201cSport, Higher Education, Employment, and the Human Person in the European Framework\u201d<\/p>\n<p>Paolo Parisi<\/p>\n<p>Presidente da ENSE \u2013 European Network of Sport Education<\/p>\n<p>Moderador:\u00a0 Jos\u00e9 Rodrigues<\/p>\n<p><strong>09:45 &#8211; <\/strong>Comunica\u00e7\u00f5es &#8211; Redes de Conhecimento em Desporto<\/p>\n<p>Moderador:\u00a0 Abel Figueiredo<\/p>\n<ul>\n<li>Jogos Tradicionais em Rede\n<ul>\n<li>Ana Rosa Jaqueira &#8211; FCDEF-UC<\/li>\n<\/ul>\n<\/li>\n<li>O IPG como promotor do &#8220;desporto integrado&#8221;\n<ul>\n<li>Nuno Serra &#8211; ESECD-IPG<\/li>\n<\/ul>\n<\/li>\n<li>Network nas ci\u00eancias do desporto: estrat\u00e9gias de internacionaliza\u00e7\u00e3o funcional\n<ul>\n<li>Filipe Clemente &#8211; ESDL-IPVC<\/li>\n<\/ul>\n<\/li>\n<li>Forma\u00e7\u00e3o dos Profissionais do Desporto: Projeto Sport, Physical Education and Coaching in Health (SPEACH)\n<ul>\n<li>Susana Carla Alves Franco, Jos\u00e9 Fernandes Rodrigues &amp; Jo\u00e2o Mout\u00e3o &#8211; ESDRM-IPSANTAREM<\/li>\n<\/ul>\n<\/li>\n<\/ul>\n<p><strong>11:15 &#8211;<\/strong> Intervalo (coffee-break)<\/p>\n<p><strong>11:30 &#8211; <\/strong>Comunica\u00e7\u00f5es \u2013 Qualidade no Ensino Superior<\/p>\n<p>Moderador: \u00a0S\u00e9rgio Dam\u00e1sio<\/p>\n<ul>\n<li>PROJETO DASD &#8211; Desenvolvimento Acad\u00e9mico, Social e Desportivo no IPSantar\u00e9m\n<ul>\n<li>Carlos Silva &#8211; ESDRM-IPSANTAREM<\/li>\n<\/ul>\n<\/li>\n<li>Projeto de Forma\u00e7\u00e3o Desportiva- Escola de Andebol do Instituto Polit\u00e9cnico da Guarda\n<ul>\n<li>Teresa Fonseca &#8211; ESECD-IPG<\/li>\n<\/ul>\n<\/li>\n<li>A \u00e9tica e a forma\u00e7\u00e3o em desporto\n<ul>\n<li>Antonino Pereira \u2013 ESEV-IPV<\/li>\n<\/ul>\n<\/li>\n<li>Sistemas de Gest\u00e3o e Garantia da Qualidade, Conquistas e Desafios\n<ul>\n<li>Ant\u00f3nio Jorge Sim\u00f5es Dantas \u2013 ESDL-IPVC<\/li>\n<\/ul>\n<\/li>\n<\/ul>\n<p><strong>13:00 &#8211; <\/strong>Almo\u00e7o \u2013 Restaurante do Campus (sujeito a marca\u00e7\u00e3o)<\/p>\n<p><strong>14:15 &#8211; <\/strong>Confer\u00eancia \u2013 \u201cLa regulaci\u00f3n del ejercicio profesional en la nueva ley del deporte de Andaluc\u00eda.\u201d<\/p>\n<p>Ant\u00f3nio Fernandez Martinez<\/p>\n<p>Secretario general para el deporte de la junta de Andaluc\u00eda<\/p>\n<p>Moderador:\u00a0 Luis Murta<\/p>\n<p><strong>15:00 &#8211;<\/strong> Comunica\u00e7\u00f5es &#8211; Forma\u00e7\u00e3o para as Profiss\u00f5es do Desporto<\/p>\n<p>Moderadora:\u00a0 Teresa Fonseca<\/p>\n<ul>\n<li>Forma\u00e7\u00e3o para os Profissionais de Fitness \u2013 Exemplo da Licenciatura em Desporto, Condi\u00e7\u00e3o F\u00edsica e Sa\u00fade\n<ul>\n<li>Vera Alexandra da Costa Sim\u00f5es &amp; Susana Franco &#8211; ESDRM-IPSANTAREM<\/li>\n<\/ul>\n<\/li>\n<li>Perspetiva sobre o Curr\u00edculo na Forma\u00e7\u00e3o Inicial dos Futuros Profissionais de Desporto\n<ul>\n<li>Ricardo Lima &#8211; ESE-IPVC<\/li>\n<\/ul>\n<\/li>\n<li>Gestores de desporto: regular a interven\u00e7\u00e3o profissional ou a forma\u00e7\u00e3o?\n<ul>\n<li>Abel Santos &#8211; ESDRM-IPSANTAREM<\/li>\n<\/ul>\n<\/li>\n<li>O Profissional de Atividade F\u00edsica e Estilos de Vida Saud\u00e1veis (Lifestyle Coach): novas respostas para o desafio societal de combate \u00e0s doen\u00e7as cr\u00f3nicas n\u00e3o transmiss\u00edveis\n<ul>\n<li>Jo\u00e3o Mout\u00e3o, Anabela Vitorino, Diogo Monteiro, Jo\u00e3o Brito, Rafael Oliveira, Susana Alves, Teresa Bento &amp; Lu\u00eds Cid &#8211; ESDRM-IPSANTAREM<\/li>\n<\/ul>\n<\/li>\n<\/ul>\n<p><strong>16:30 &#8211;<\/strong> Encerramento<\/p>\n<ul>\n<li>Secret\u00e1rio Estado da Juventude e Desporto; Instituto Portugu\u00eas do Desporto e Juventude; Presidente do CCISP; Presidente do Instituto Polit\u00e9cnico de Set\u00fabal; Vereador do Desporto, da Camara Municipal de Set\u00fabal; Presidente da REDESPP<\/li>\n<\/ul>\n","protected":false},"excerpt":{"rendered":"<p>Dia 03-11-2016 14:00 &#8211; Sess\u00e3o de Abertura Presidente do CCISP; Presidente do Instituto Polit\u00e9cnico de Set\u00fabal; Presidente da C\u00e2mara Municipal de Set\u00fabal; Presidente da REDESPP; Secret\u00e1rio de Estado da Juventude e Desporto; Diretor Geral da Sa\u00fade; Ministro da Ci\u00eancia, Tecnologia e Ensino Superior 15:00 &#8211; Desporto &#8211; Desenvolvimento Regional, Turismo e Cidadania &#8211; Moderador: Abel &hellip; <a href=\"https:\/\/redepolitecnicosdesporto.pt\/forum\/programa\/\" class=\"more-link\">Continuar a ler <span class=\"screen-reader-text\">Programa<\/span><\/a><\/p>\n","protected":false},"author":1,"featured_media":0,"parent":0,"menu_order":0,"comment_status":"closed","ping_status":"closed","template":"","meta":{"footnotes":""},"class_list":["post-6","page","type-page","status-publish","hentry"],"_links":{"self":[{"href":"https:\/\/redepolitecnicosdesporto.pt\/forum\/wp-json\/wp\/v2\/pages\/6","targetHints":{"allow":["GET"]}}],"collection":[{"href":"https:\/\/redepolitecnicosdesporto.pt\/forum\/wp-json\/wp\/v2\/pages"}],"about":[{"href":"https:\/\/redepolitecnicosdesporto.pt\/forum\/wp-json\/wp\/v2\/types\/page"}],"author":[{"embeddable":true,"href":"https:\/\/redepolitecnicosdesporto.pt\/forum\/wp-json\/wp\/v2\/users\/1"}],"replies":[{"embeddable":true,"href":"https:\/\/redepolitecnicosdesporto.pt\/forum\/wp-json\/wp\/v2\/comments?post=6"}],"version-history":[{"count":12,"href":"https:\/\/redepolitecnicosdesporto.pt\/forum\/wp-json\/wp\/v2\/pages\/6\/revisions"}],"predecessor-version":[{"id":84,"href":"https:\/\/redepolitecnicosdesporto.pt\/forum\/wp-json\/wp\/v2\/pages\/6\/revisions\/84"}],"wp:attachment":[{"href":"https:\/\/redepolitecnicosdesporto.pt\/forum\/wp-json\/wp\/v2\/media?parent=6"}],"curies":[{"name":"wp","href":"https:\/\/api.w.org\/{rel}","templated":true}]}}